 + 1/60*c**5 + 0*c**4 + 0*c + 3*c**k + 1/6*c**3 + 0. Determine m(2).
-3
Let r(i) = -6*i**2 + 4*i - 7. Let f(o) = 5*o**2 - 3*o + 6. Let v(c) = 5*f(c) + 4*r(c). Calculate v(0).
2
Suppose 43 = 2*s + 5*t, -3*t + 5*t = 4*s - 26. Let g(n) = 0*n**2 - 18*n + 11*n - n**2 + 16*n. Let d be g(s). Let x(v) = -v - 1. Calculate x(d).
-1
Let c(f) = -6*f**2 + 12*f - 6. Let a(v) = -v**2 + v - 1. Let q(b) = -5*a(b) + c(b). What is q(6)?
5
Let t = 2 + -8. Let m(c) = -c**2 - 4*c + 3. Determine m(t).
-9
Let o(v) = v**2 - 5*v + 6. Let t = 66 - 62. Calculate o(t).
2
Let d(m) = m**2 + 8*m - 2. Suppose 0 = 2*h - 4*u - 14, -h - u - 1 = -2. Let l(x) = -x**2 - 9*x + 2. Let g(n) = h*l(n) + 4*d(n). Calculate g(-4).
-6
Let m(k) be the first derivative of k**3/3 + 4*k**2 - 15. What is m(-4)?
-16
Let h(b) = -b**2 + 7*b - 7. Let s(p) = p**2 - 4*p + 6. Let w be s(4). Give h(w).
-1
Let a(o) = 9*o - 6. Let f(t) = 5*t - 3. Let s = -5 - -10. Let h(p) = s*f(p) - 3*a(p). Let u = 392 + -388. Calculate h(u).
-5
Suppose -2*a = 2*a - 16. Let h(b) = 6 + 2 - b**2 - 4*b - a. Let v be (-1 - (-2 + 4)) + -2. Give h(v).
-1
Let j(m) be the first derivative of -m**3/3 + 7*m**2/2 - 6*m + 8. Calculate j(6).
0
Let x = 5 + 12. Let b(s) = -4*s - 8. Let u(q) = 12*q + 23. Let p(j) = x*b(j) + 6*u(j). Give p(-2).
-6
Let v(y) = y**3 + 8*y**2 + 5*y - 10. Suppose -4*o + 79 = -33. Let w be -2*o/16*2. Give v(w).
4
Let j be (-1)/(1/5) - 0. Let w(n) = -n**2 - 4*n. Let v be w(-3). Let s(t) = 0*t + 2*t**2 - 7*t - 6 - v*t**2. Calculate s(j).
4
Let u(w) = w**2 - 10*w**2 + 2*w + 5*w**2 + 3*w**2 + 5. Determine u(5).
-10
Suppose -2*u + 4*l - 3 = 7, -14 = -2*u - 2*l. Let d be (0 + 6 - u)/1. Let q(p) = 2*p + 1 - 9*p**3 + 2*p**3 + 0*p**d. Give q(-1).
6
Let f(a) = -2*a + 10*a**2 + 6 - 11*a**2 + 9*a. Determine f(8).
-2
Let k(b) = -b**3 - 7*b**2 + b + 4. Let p be (12 - 15)*(1 - (-8)/6). What is k(p)?
-3
Let r(k) be the third derivative of -k**6/120 - k**5/20 - k**4/6 - k**3/2 + k**2. Determine r(-2).
1
Suppose -b + 5*s + 3 = 0, 2*s = -2*s. Let n be 6 + (-4 + 3 - -1). Let t(i) = -n*i + 2*i + 1 + 0 - 2*i**2 + i**3. Calculate t(b).
-2
Let f(r) = 3*r**2 + 2*r - 3. Suppose 0 = x + 5*z - 19, 3*x - z + 4*z - 21 = 0. Let n(k) = 2*k**2 + 3*k - 2. Let o(a) = x*n(a) - 3*f(a). Give o(5).
6
Suppose -2*t - 11 = 3*f, t + 0 = 3*f + 17. Let z(c) = -4*c - 6. Calculate z(f).
14
Let n(l) = -2*l**2 - 2*l - 1. Suppose -5*y + 4 = -26. Suppose 2*h = y*h - 16. Suppose 2 = -h*i - 6. Determine n(i).
-5
Let g(k) = k**2 - 5*k + 4. Let y(x) = 1. Let b(j) = g(j) - 3*y(j). Suppose -24 = -21*z + 17*z. Determine b(z).
7
Let r(p) = -3*p**2 + 28*p - 12. Let n be r(9). Let l(j) = j**2 + 3*j - 3. Give l(n).
-3
Let x(w) = -2*w**2 + 3*w + 1. Suppose -2*b + 6 = -p + 3*p, 4*p = 0. Calculate x(b).
-8
Let y(z) be the first derivative of 4*z**3/3 + z**2/2 + 5. Calculate y(-1).
3
Let v(a) = -a - 3. Let t(r) = -1. Let x(i) = -5*t(i) + v(i). Determine x(-6).
8
Let n(t) be the second derivative of t**3/6 + 5*t**2/2 - t. Suppose 4*i = -9*i. Calculate n(i).
5
Let i(o) be the first derivative of -o**2 - 3*o + 0*o**2 + 2 + 0. Let q(d) = d**3 - 9*d**2 - 11*d + 8. Let s be q(10). What is i(s)?
1
Let d(h) be the first derivative of -h**3/3 - 7*h**2/2 - 7*h + 16. Give d(-6).
-1
Let k = -120 - -130. Let u(n) = -n**3 + 11*n**2 - 10*n + 8. Determine u(k).
8
Let h(l) = -3*l**2 + 5*l + 6. Let a(k) = -4*k**2 + 6*k + 7. Let d(n) = 5*a(n) - 6*h(n). Determine d(3).
-19
Let u be 9/27 - (-5)/((-45)/66). Let g(y) = y**2 + 7*y - 1. What is g(u)?
-1
Let r(n) be the first derivative of -1 - 4*n - n**3 - 1/4*n**4 + 1/2*n**2. Let j be -3 - (-4 + -2) - 7. Determine r(j).
8
Let u(j) = j**3 - 5*j**2 - 3*j + 3. Let k = 0 - -2. Suppose b = -2*b - 12, -k*w + 2*b = -18. Calculate u(w).
-12
Let n(o) be the third derivative of -o**6/120 + o**5/30 + 5*o**4/24 + o**3/2 - 6*o**2. Determine n(4).
-9
Suppose o = -2*o - 3*u, -2*o = -u - 15. Let q(x) = -x**2 + o*x - 3*x + 6*x - 3*x - 5. Calculate q(5).
-5
Let c(n) = -6*n**3 + 3 + 4*n + 3*n**3 + 2*n**2 + n**3. Determine c(-2).
19
Let q(d) = d + 5. Let k(i) = -i**3 - 5*i**2 + 5*i - 4. Let v be k(-6). Suppose x + v = 3. Let p be -1 - (-2 + (5 - x)). Give q(p).
2
Let s = -356 - -353. Let k(l) = -6*l**3 - 3*l - 2. Let j(w) = -w**3 + w**2. Let i(n) = -5*j(n) + k(n). Give i(s).
-11
Let y(n) be the second derivative of n**4/12 - 4*n**3/3 + 3*n**2 - 7*n. Give y(6).
-6
Let k(o) be the third derivative of o**4/12 - 3*o**3/2 - 8*o**2. Determine k(-7).
-23
Let l(s) = s**3 + 4*s**2 - 6*s - 2. Let k be l(-5). Suppose -9 - 27 = k*a. Let n be a/9*(-2 - -5). Let c(m) = m**2 + 6*m + 3. Give c(n).
-5
Suppose -j + 4 + 1 = 0. Suppose 1 = m, -3*v - v = -j*m - 19. Let r(t) be the third derivative of t**5/60 - t**4/4 + t**3/6 - 44*t**2 + 1. What is r(v)?
1
Suppose -5*x + 9 = -2*x. Let w(r) be the third derivative of -1/6*r**x - r**2 - 1/30*r**5 + 0*r + 0 - 1/24*r**4. Give w(-2).
-7
Let t(p) = p**2 + 4*p + 3. Let c = -6 - -8. Let j(h) = 10*h + 2*h**2 + 2*h**c - 8*h**2 + 3*h**2 - 4. Let z be j(10). What is t(z)?
3
Let n(p) = -p**2 - 17*p - 6. Let o be n(-16). Let m(q) = -q**3 + q - 3*q + 6*q**2 + o*q. What is m(7)?
7
Let a(n) be the third derivative of n**4/24 - n**3/2 - 23*n**2. Determine a(5).
2
Let t(a) = a**3 + 2*a**2 + 3*a + 1. Suppose -3*w + 0*w - 10 = 5*o, 3*o = 4*w + 23. Suppose 0 = -2*g + g + o. Suppose -g = y + 1. Calculate t(y).
-5
Let s(w) = 0 + w**2 - 3 - 41*w + 44*w. Give s(-3).
-3
Let k = -17 + 19. Let t(i) = 3*i**3 - 2*i**2 - 2*i. Give t(k).
12
Let f = 1 + 5. Let o(d) = -2*d + 3 + d**3 - 2*d**3 + 1 + 6*d**2. Calculate o(f).
-8
Let z(a) = -a + 1. Suppose 0 = 4*r + 10 + 14. Calculate z(r).
7
Let t(b) = b - 6. Let r(z) = -2*z + 6. Let g(p) = -3*r(p) - 2*t(p). Calculate g(4).
10
Suppose -1 + 21 = 5*k - 5*o, -2*k - 4*o = -8. Let j(p) = 3*p**2 + 2*p + 2 - 4*p**2 - 5*p**2 + 5*p**2. Determine j(k).
-6
Let m(d) be the third derivative of -d**4/3 - d**3/6 + 33*d**2. Suppose 0 = -4*x + 3*h - 7, -3*x + 33 = x + 5*h. Let u = -1 + x. Give m(u).
-9
Let u = 44 - 40. Let w(v) = 3*v. Let p(s) = 4*s - 1. Let k(j) = -2*p(j) + 3*w(j). What is k(u)?
6
Let g(a) be the first derivative of -a**3/3 + a**2/2 + 2*a + 2. Suppose 0 = -3*h + 9, -3*v + 19 = 2*h + 4. What is g(v)?
-4
Let r(l) = l**3 + l**2. Let p = 19 + -18. Calculate r(p).
2
Let m(b) be the first derivative of 2*b**3/3 - 2*b**2 + 2*b - 11. Suppose 3*n + 2*q = -2*q + 26, 2*n - 2*q + 6 = 0. What is m(n)?
2
Let v(z) = z**2 + 13*z + 13. Let a(p) = -p**2 - 7*p - 7. Let c(o) = 7*a(o) + 4*v(o). What is c(3)?
-15
Let z(f) = -f**3 - 6*f**2 - 4*f + 4. Let h be z(-5). Let d(o) = o - 1. Let n(r) = -4*r - 4. Let c(b) = 3*d(b) - n(b). Give c(h).
-6
Let c(i) = 0*i**2 + i**3 + 1 - i**2 - 1 - 5. Let h be 2/4*0/1. Give c(h).
-5
Suppose -30 = 8*v - 14*v. Let q(i) = -i**2 + 6*i + 2. What is q(v)?
7
Let h be -2 + 0 + (-3 - 0). Let q(m) = m**3 + 5*m**2 + 2*m - 2. Calculate q(h).
-12
Suppose -23 = 3*j - 20. Let s(u) be the third derivative of -5*u**4/12 - u**3/6 - u**2. What is s(j)?
9
Suppose -2*z + 5*s - 4*s + 7 = 0, 2*s + 8 = z. Let f be 18/(-4)*2/(-3). Let h(m) = -3*m**f + 2*m**3 + 4*m + 0*m**3 + m**2 - 3. Determine h(z).
1
Let x be 1 - -1 - (-111)/3. Suppose -2*l - 3*v = 1, 4*v - x = 5*l - 2. Let h(g) = 5*g - 9 - g**2 + 2*g**2 + 0*g + 13. Give h(l).
4
Suppose -k - 9 = 2*j, -4*j + 0*j = 3*k + 29. Let f(q) = q**2 + 13*q + 10. What is f(k)?
-12
Suppose 0 = 2*r - j - 2 + 10, 4 = 2*r - 4*j. Let h be ((-16)/r)/(2/6). Let k(v) = -2*v**3 + v**3 + 0*v - v - h. What is k(0)?
-8
Let v = 0 + 0. Let i be (-2 - 0) + 0 + 5. Let y(s) = 0*s - 2 - s + s**2 - 2*s**3 + 3*s**i. What is y(v)?
-2
Let r(d) = -5*d + 6. Let m(z) = 6*z - 6. Let w(s) = -6*m(s) - 7*r(s). Calculate w(-6).
0
Let x(y) = -y**3 - y**2 - 2. Let n be (-1)/(-2)*(0 - -8). Suppose -n*q - 18 = 2*w + 3*w, -4*q - 10 = w. Give x(q).
2
Let k(s) = 19*s**2 + 16*s - 11. Let q(p) = -4*p**2 - 3*p + 2. Let l(c) = -2*k(c) - 11*q(c). Determine l(-1).
5
Let m(n) = 3*n**3 + n**2 - n**3 + 2*n**3 + 6 - 3*n**3. Let q be (0 - 0)*1/(-2). Calculate m(q).
6
Let c(w) = 2*w**2 + 6*w + 1. Let h(s) = s. Let i(m) = c(m) - 4*h(m). Give i(-2).
5
Let x(t) = 3*t**2 - 5*t + 7. Let v(o) = 2*o**2 - 2*o + 3. Let m(k) = 5*v(k) - 3*x(k). Calculate m(-6).
0
Let h(g) = -g + 12. Let z be h(6). Let u(v) be the first derivative of v**3/3 - 5*v**2/2